 0*i + 6356 = -4*f, -5*f = i + 7945. Let q = f - -3924. Is q a prime number?
False
Let s(u) = u**3 - u. Let w = 41 + -42. Let c(k) = -14*k**3 - k**2 - k - 5. Let q(y) = w*c(y) + 6*s(y). Is q(2) a composite number?
True
Let r(g) = 5*g**2 + 15*g + 10. Let l be r(-16). Let i = l - 365. Is i a prime number?
False
Suppose 96*j - 101*j = 3*f - 406970, 5*j - 406990 = f. Is j prime?
False
Let v(t) be the third derivative of 71*t**6/20 - t**5/30 + 5*t**4/24 - t**3/6 - 14*t**2 + t. Is v(2) a composite number?
True
Suppose -4*q = 2*k - 2048, 6*q - q = 5*k - 5150. Suppose -k - 2323 = -5*z - s, -5*z = -4*s - 3371. Is z a prime number?
False
Suppose 2*k + 4*b = -b + 9877, 5 = b. Let w = 18583 + k. Is w composite?
False
Let o(m) = 128*m**3 + 4*m**2 - 2*m + 3. Let g be ((-28)/105 - (-6)/9)*5. Is o(g) a composite number?
False
Suppose 0 = -4*b + 3*b - y - 13, y + 58 = -4*b. Let j(n) = 61 - 12*n + 4 + 2. Is j(b) a prime number?
False
Suppose -25*p + 318977 + 304748 = 0. Is p composite?
True
Suppose 0 = -4*i - m - 6, 2 = -3*i - 2*m - 0*m. Let n(j) = 2*j + 7. Let v be n(i). Is 1147/v - 1/3 - 3 a prime number?
True
Suppose 0 = -24453*h + 24472*h - 1101202. Is h prime?
False
Let b be (-1260)/50 + (-2)/(-10). Suppose -f + 34 + 91 = 0. Is (-10)/b*10 + f a prime number?
False
Suppose -150411 - 129699 = -6*x. Is x a prime number?
False
Let o(z) = 3408*z**2 + 168*z + 47. Is o(8) a prime number?
True
Let b = -61392 + 117853. Is b composite?
True
Let i = -21 - -24. Let y be 0 - i/(4/(2 + -6)). Suppose x - 5075 = -y*j, -j - 3*x = 4*j - 8453. Is j a prime number?
True
Let i(g) = 808*g**2 + 6*g - 11. Let n = -153 + 155. Is i(n) a composite number?
True
Let j = 36368 + 293019. Is j a composite number?
False
Let z be (-18)/(-4)*(-624)/(-8). Let o = z - 64. Is o prime?
False
Let u = 63 - 59. Suppose -y + 11 = 2*z, 7*z = u*z + 5*y - 16. Suppose -25437 = -2*o - 3*o - 4*j, 0 = z*o + j - 15265. Is o a prime number?
False
Let v = -347 - -350. Suppose 0 = h - v*h + 934. Is h prime?
True
Let q = 10045 - 4684. Suppose -z + 5370 = z + 4*k, 0 = -2*z + 5*k + q. Is z a prime number?
True
Let x(z) be the second derivative of -8*z**3 - 7*z**2 - 2852*z. Let n be (-6)/(-9) - 28/6. Is x(n) a composite number?
True
Let p(k) = -k**2 + 9*k - 6. Let j be p(1). Suppose 2*u = -3*c + 901, 5*c - 836 - 655 = j*u. Is c prime?
False
Let g(y) = 34*y**2 - 6*y + 1. Let j be -6 - (-6 + -8) - (1 - 0). Let l be g(j). Suppose -3*w + 4754 = 2*q - l, -2*w = -5*q - 4278. Is w prime?
True
Let u(y) = -189*y**3 - 100*y**2 + 23*y - 11. Is u(-15) composite?
False
Let m = -30 - -37. Suppose 2*f = m*f. Suppose 573 = 3*x - f*x. Is x a prime number?
True
Let j(g) = -93*g**3 - 15*g**2 - 138*g + 19. Is j(-7) composite?
True
Let k(w) = 8*w - 45. Let o be k(10). Is (-73465)/(-49) + (-10)/o prime?
True
Suppose p - n - 7 = -1, -4*p - 12 = 5*n. Let q(u) = 2*u**3 - 8*u**2 + 6*u + 27. Let r be q(11). Suppose p*a + 2*a = 3*g - 1053, 5*g + 4*a = r. Is g prime?
False
Let q(h) = 1570*h**2 - 56*h - 289. Is q(-6) composite?
True
Let w(y) be the first derivative of y**4 + 2*y**3/3 - 7*y**2/2 + 4. Let i be w(5). Suppose -5*g - 3*k + 2507 = 0, g + 6*k - i = 2*k. Is g prime?
True
Let g be (-11)/((-55)/390) + -4. Suppose -13*f + 134 = -g. Suppose 0 = -f*d - 434 + 6498. Is d prime?
True
Let a = -427 + -207. Let g = a + 1995. Is g prime?
True
Suppose 1 - 13 = -3*z + 4*r, 5*r + 4 = z. Suppose -2*x + 30 = -z*x. Let j = x + 386. Is j prime?
False
Let z(r) = 2093*r - 2692. Is z(45) a prime number?
True
Suppose -5*v + 759 = -1026. Suppose -2*r = -7*h + 2*h - 407, 5*h = -2*r + v. Is r prime?
True
Let r = 105843 + 48820. Is r a composite number?
True
Suppose 5*g + 8*g - 5263582 = 1581841. Is g a prime number?
True
Let o = -231 - -251. Is 2 + o/(-11) + 3996/44 composite?
True
Let u(h) = -79*h + 3. Let c = 5 - -7. Suppose -5*j - c = n, 4*j + 6 + 2 = 0. Is u(n) composite?
True
Suppose -2*l + 12 = 4*l. Suppose 2*v = 3*b + 3*v + 22, -l*v = -5*b - 44. Is (1 + b/6)*(-1 + -110) prime?
True
Let g = 55039 - 15316. Is g a prime number?
False
Suppose 15*x - 12*x = 38820. Suppose 6*l = 42242 + x. Is l a prime number?
False
Let p be 1/(-2)*-2 + 5. Let q(v) = 2*v - 5. Let i be q(p). Suppose 15169 = -i*y + 64974. Is y prime?
False
Let m(d) = -d**3 + 11*d**2 - 25*d + 7. Let y be m(8). Is (-339)/y + 24 + -26 prime?
True
Let w = 62158 - 27131. Is w a prime number?
True
Let c = -6158 - -10383. Suppose -c = -11*v + 35166. Is v prime?
True
Let d = 55 - 55. Suppose d*b + 3*b = -6. Is ((-19506)/12)/(1/b) a composite number?
False
Suppose -9 = -4*l + f, -12 - 1 = 2*l + 3*f. Is 194 - -13 - l*4/2 prime?
False
Let t be (17/2 + -8)*2. Is (13391 + 4 - 8)*1/t a prime number?
False
Suppose -16472620 = -31*w + 5526189. Is w prime?
False
Suppose -135 + 0 = -3*v. Is 4364/10*v/6 a prime number?
False
Let y(r) = 9*r**3 - 92*r**2 + 148*r + 107. Is y(42) composite?
False
Let u(v) = 13059*v**2 + 308*v + 5. Is u(4) prime?
False
Suppose -5*x + x = i - 18, -2*i + 5*x = 16. Let w be (-66)/(-14) + (-12)/(-42). Suppose 44 = w*y + 4*u - 1731, i*y - 710 = 3*u. Is y a composite number?
True
Suppose 0 = 34*b - 35*b + 12. Suppose -2*z = -24 + b. Suppose z*j - 4*j - 1678 = 0. Is j a prime number?
True
Is (105714542/(-848))/((-1)/8) composite?
False
Suppose 52*y + 637665 = 57*y + 5*d, -5*y = -d - 637641. Is y a prime number?
True
Let i(b) = -25*b**2 + 6*b - 99. Let z(y) = -13*y**2 + 4*y - 50. Let k(m) = 3*i(m) - 7*z(m). Is k(-11) a composite number?
False
Suppose -4*f + 1844 + 8298 = -m, -5*m - 50642 = -3*f. Let s = 24227 + m. Is s composite?
True
Suppose 123204 = 2*h + 2*h - 2*d, 4*d = -4*h + 123204. Is h composite?
True
Suppose -2*g + 7 = -5. Suppose 21 = -g*k + 9. Is (-69)/12*46*k a prime number?
False
Suppose -l + 75 = 75. Suppose 2 = -4*y + 14. Suppose 0 = -5*k + h + 2456, 0 = -l*k + y*k + 5*h - 1468. Is k prime?
True
Let m(y) = -17808*y - 1453. Is m(-3) prime?
True
Suppose w - 13*w = 1176. Let x = 100 + w. Suppose -662 = -x*s - 2*a, -4*s - a + 2011 = 687. Is s prime?
True
Suppose 12 = -3*f - 9. Let s(h) = -21*h**3 + 10*h**2 + 6*h - 17. Let n be s(f). Suppose 5421 = 5*t - n. Is t a prime number?
False
Is ((-24077284)/126 - -16)/((-2)/9) a composite number?
True
Let w = 110 + 352. Suppose w - 2097 = -3*s. Is s composite?
True
Let g be 0/(-2)*4/(-12). Suppose 5*i - i = -16, g = -2*m + i + 8. Suppose -828 = -2*q - m*p, -5*q = -2*p - 0*p - 2105. Is q prime?
True
Suppose -5 - 23 = -4*l. Let k be (-2368)/l - (-12)/42. Let s = k - -1347. Is s prime?
True
Let y be 6/(-33) - 38/(-209). Suppose 2*f - 40704 - 5098 = y. Is f prime?
True
Is (-8071787)/(-34)*(60/(-36))/(5/(-18)) prime?
False
Let h(o) = -o**2 + 0*o - 14 + 3*o + 5*o + 2*o. Let b be h(8). Suppose -1289 + 133 = -2*c - b*p, -4*c = 5*p - 2317. Is c composite?
True
Let j(f) = -f**2 - 4*f + 3. Let m be j(-5). Let k(y) = -135*y - 6. Let x be k(m). Let l = x + -137. Is l composite?
False
Let i = -325 - -359. Suppose 0 = -n - 4*k + i + 37, -2*n + 142 = 2*k. Is n composite?
False
Let z(h) = -323*h + 38. Let q(j) = -320*j + 37. Let o(y) = 7*q(y) - 6*z(y). Is o(-9) prime?
True
Let p(l) = 86*l**2 + 42*l - 29. Is p(-15) a prime number?
True
Suppose 5*u = -5*o - 5125, -3*o = -570*u + 568*u - 2060. Suppose t = -t - 784. Let f = t - u. Is f a prime number?
False
Suppose 0 = -8*m + 7*m + 2. Let v be (-1342)/11*(-17)/m. Suppose 5*s = -3*g - 107 + 1120, 3*g + v = 5*s. Is s a composite number?
True
Let g(f) = -3*f**2 + 9*f + 14. Let n be g(7). Let s be 5*4*-2*7/n. Let y(z) = 55*z + 3. Is y(s) a prime number?
True
Suppose -31 - 9 = -2*n - 4*w, 0 = 5*w - 5. Suppose 0 = -n*t - 20*t + 54074. Is t prime?
True
Let f = 30 - 30. Suppose 0 = 5*c + 4*a - 399, 0 = -f*c - 2*c - 5*a + 163. Suppose 0*z - c = -z. Is z prime?
True
Let s = -117 + 120. Suppose -123 = s*y - 453. Let t = y + 657. Is t composite?
True
Let f = 1007822 - 628123. Is f a composite number?
False
Let g be (-4)/(0 + 7/(-21)). Is -2 + (g/10)/((-22)/(-78265)) a prime number?
False
Let u be ((-2592)/(-44))/(-6) - 2/11. Let w be (2*8/u)/(10/100). Is (-123)/(-4) - 4/w a prime number?
True
Let b be (-4)/(-6) - (8/3)/(-8). Let l be (2 - 1) + b + (-40)/(-40). Suppose -4*j + 1261 = -2*v + 7*v, 761 = l*v - 2*j. Is v a composite number?
True
Let p be (-21)/(-56) + ((-60852)/32)/(-1). Let a be -1 - 1/(2/2644). Let d = a